{"id":8,"date":"2023-08-01T14:03:17","date_gmt":"2023-08-01T12:03:17","guid":{"rendered":"http:\/\/althea-music.com\/?page_id=8"},"modified":"2025-12-18T12:47:16","modified_gmt":"2025-12-18T11:47:16","slug":"accueil-althea-becam-musique","status":"publish","type":"page","link":"https:\/\/althea-music.com\/","title":{"rendered":""},"content":{"rendered":"\n<div class=\"wp-block-group alignfull has-black-background-color has-background\"><div class=\"wp-block-group__inner-container is-layout-flow wp-block-group-is-layout-flow\">\n<h2 class=\"wp-block-heading has-text-align-center has-white-color has-text-color\" id=\"artiste\"><strong>Artist<\/strong>e<\/h2>\n\n\n\n<br><div align=\"center\"><font color=\"#FFFFFF\"><p>Influenc\u00e9e par la K-Pop et les orchestrations sc\u00e9niques, Alth\u00e9a incarne la battante et la r\u00eaveuse. Une F-Pop libre, port\u00e9e par un flow rap sinc\u00e8re et la puissance d&rsquo;une renaissance.\nUne \u00e9nergie qui illumine autant qu&rsquo;elle d\u00e9stabilise. Une artiste qui ne suit aucune voie&#8230; Elle cr\u00e9e la sienne !\n<hr>\nInfluenced by K-Pop and theatrical orchestrations, Alth\u00e9a embodies both the fighter and the dreamer. A free-spirited F-Pop carried by sincere rap flow and the power of a rebirth.\nAn energy that illuminates as much as it unsettles. An artist who follows no path&#8230; She creates her own!<\/p><br><\/font><\/div>\n\n\n\n<figure class=\"wp-block-gallery aligncenter has-nested-images columns-default is-cropped wp-block-gallery-1 is-layout-flex wp-block-gallery-is-layout-flex\">\n<figure class=\"wp-block-image size-large\"><img fetchpriority=\"high\" decoding=\"async\" width=\"1024\" height=\"768\" data-id=\"298\" src=\"https:\/\/althea-music.com\/wp-content\/uploads\/2025\/11\/image00015-1024x768.jpeg\" alt=\"\" class=\"wp-image-298\" srcset=\"https:\/\/althea-music.com\/wp-content\/uploads\/2025\/11\/image00015-1024x768.jpeg 1024w, https:\/\/althea-music.com\/wp-content\/uploads\/2025\/11\/image00015-300x225.jpeg 300w, https:\/\/althea-music.com\/wp-content\/uploads\/2025\/11\/image00015-768x576.jpeg 768w, https:\/\/althea-music.com\/wp-content\/uploads\/2025\/11\/image00015-1536x1152.jpeg 1536w, https:\/\/althea-music.com\/wp-content\/uploads\/2025\/11\/image00015-2048x1536.jpeg 2048w, https:\/\/althea-music.com\/wp-content\/uploads\/2025\/11\/image00015-2000x1500.jpeg 2000w\" sizes=\"(max-width: 1024px) 100vw, 1024px\" \/><\/figure>\n\n\n\n<figure class=\"wp-block-image size-large\"><img decoding=\"async\" width=\"1024\" height=\"576\" data-id=\"302\" src=\"https:\/\/althea-music.com\/wp-content\/uploads\/2025\/11\/Nouveau-projet-1024x576.jpg\" alt=\"\" class=\"wp-image-302\" srcset=\"https:\/\/althea-music.com\/wp-content\/uploads\/2025\/11\/Nouveau-projet-1024x576.jpg 1024w, https:\/\/althea-music.com\/wp-content\/uploads\/2025\/11\/Nouveau-projet-300x169.jpg 300w, https:\/\/althea-music.com\/wp-content\/uploads\/2025\/11\/Nouveau-projet-768x432.jpg 768w, https:\/\/althea-music.com\/wp-content\/uploads\/2025\/11\/Nouveau-projet.jpg 1280w\" sizes=\"(max-width: 1024px) 100vw, 1024px\" \/><\/figure>\n\n\n\n<figure class=\"wp-block-image size-large\"><img decoding=\"async\" width=\"1024\" height=\"683\" data-id=\"304\" src=\"https:\/\/althea-music.com\/wp-content\/uploads\/2025\/11\/image00002-1024x683.jpg\" alt=\"\" class=\"wp-image-304\" srcset=\"https:\/\/althea-music.com\/wp-content\/uploads\/2025\/11\/image00002-1024x683.jpg 1024w, https:\/\/althea-music.com\/wp-content\/uploads\/2025\/11\/image00002-300x200.jpg 300w, https:\/\/althea-music.com\/wp-content\/uploads\/2025\/11\/image00002-768x512.jpg 768w, https:\/\/althea-music.com\/wp-content\/uploads\/2025\/11\/image00002-1536x1024.jpg 1536w, https:\/\/althea-music.com\/wp-content\/uploads\/2025\/11\/image00002-2048x1365.jpg 2048w, https:\/\/althea-music.com\/wp-content\/uploads\/2025\/11\/image00002-2000x1333.jpg 2000w\" sizes=\"(max-width: 1024px) 100vw, 1024px\" \/><\/figure>\n\n\n\n<figure class=\"wp-block-image size-large\"><img loading=\"lazy\" decoding=\"async\" width=\"1024\" height=\"769\" data-id=\"308\" src=\"https:\/\/althea-music.com\/wp-content\/uploads\/2025\/11\/Nouveau-projet-1-1024x769.jpg\" alt=\"\" class=\"wp-image-308\" srcset=\"https:\/\/althea-music.com\/wp-content\/uploads\/2025\/11\/Nouveau-projet-1-1024x769.jpg 1024w, https:\/\/althea-music.com\/wp-content\/uploads\/2025\/11\/Nouveau-projet-1-300x225.jpg 300w, https:\/\/althea-music.com\/wp-content\/uploads\/2025\/11\/Nouveau-projet-1-768x577.jpg 768w, https:\/\/althea-music.com\/wp-content\/uploads\/2025\/11\/Nouveau-projet-1.jpg 1438w\" sizes=\"(max-width: 1024px) 100vw, 1024px\" \/><\/figure>\n\n\n\n<figure class=\"wp-block-image size-large\"><img loading=\"lazy\" decoding=\"async\" width=\"1024\" height=\"434\" data-id=\"310\" src=\"https:\/\/althea-music.com\/wp-content\/uploads\/2025\/11\/Nouveau-projet2-1024x434.jpg\" alt=\"\" class=\"wp-image-310\" srcset=\"https:\/\/althea-music.com\/wp-content\/uploads\/2025\/11\/Nouveau-projet2-1024x434.jpg 1024w, https:\/\/althea-music.com\/wp-content\/uploads\/2025\/11\/Nouveau-projet2-300x127.jpg 300w, https:\/\/althea-music.com\/wp-content\/uploads\/2025\/11\/Nouveau-projet2-768x326.jpg 768w, https:\/\/althea-music.com\/wp-content\/uploads\/2025\/11\/Nouveau-projet2-1536x651.jpg 1536w, https:\/\/althea-music.com\/wp-content\/uploads\/2025\/11\/Nouveau-projet2.jpg 1920w\" sizes=\"(max-width: 1024px) 100vw, 1024px\" \/><\/figure>\n\n\n\n<figure class=\"wp-block-image size-large\"><img loading=\"lazy\" decoding=\"async\" width=\"1024\" height=\"434\" data-id=\"312\" src=\"https:\/\/althea-music.com\/wp-content\/uploads\/2025\/11\/Nouveau-projet3-1024x434.jpg\" alt=\"\" class=\"wp-image-312\" srcset=\"https:\/\/althea-music.com\/wp-content\/uploads\/2025\/11\/Nouveau-projet3-1024x434.jpg 1024w, https:\/\/althea-music.com\/wp-content\/uploads\/2025\/11\/Nouveau-projet3-300x127.jpg 300w, https:\/\/althea-music.com\/wp-content\/uploads\/2025\/11\/Nouveau-projet3-768x326.jpg 768w, https:\/\/althea-music.com\/wp-content\/uploads\/2025\/11\/Nouveau-projet3-1536x651.jpg 1536w, https:\/\/althea-music.com\/wp-content\/uploads\/2025\/11\/Nouveau-projet3.jpg 1920w\" sizes=\"(max-width: 1024px) 100vw, 1024px\" \/><\/figure>\n<\/figure>\n<\/div><\/div>\n\n\n\n<figure class=\"wp-block-gallery has-nested-images columns-default is-cropped wp-block-gallery-2 is-layout-flex wp-block-gallery-is-layout-flex\"><\/figure>\n\n\n\n<h2 class=\"wp-block-heading has-text-align-center\" id=\"extraits\">Titres<\/h2>\n\n\n\n<div class=\"wp-block-cover alignfull is-light has-parallax is-position-center-center\" style=\"min-height:375px;aspect-ratio:unset;\"><div class=\"wp-block-cover__image-background wp-image-29 has-parallax\" style=\"background-position:50% 50%;background-image:url(https:\/\/althea-music.com\/wp-content\/uploads\/2023\/08\/image00007-avec-correction-scaled.jpg)\"><\/div><span aria-hidden=\"true\" class=\"wp-block-cover__background has-black-background-color has-background-dim-40 has-background-dim\"><\/span><div class=\"wp-block-cover__inner-container is-layout-flow wp-block-cover-is-layout-flow\">\n<iframe data-testid=\"embed-iframe\" style=\"border-radius:12px\" src=\"https:\/\/open.spotify.com\/embed\/artist\/0gDpVKGbkY2RcJTgzLJSw1?utm_source=generator\" width=\"100%\" height=\"352\" frameBorder=\"0\" allowfullscreen=\"\" allow=\"autoplay; clipboard-write; encrypted-media; fullscreen; picture-in-picture\" loading=\"lazy\"><\/iframe>\n\n\n\n<iframe style=\"width: 100%;aspect-ratio: 16\/9;\" src=\"https:\/\/www.youtube.com\/embed\/lM41j2XTOQs?si=F8gz-teJ-PIiHWTw&amp;start=67\" title=\"YouTube video player\" frameborder=\"0\" allow=\"accelerometer; autoplay; clipboard-write; encrypted-media; gyroscope; picture-in-picture; web-share\" referrerpolicy=\"strict-origin-when-cross-origin\" allowfullscreen><\/iframe>\n\n\n\n<figure class=\"wp-block-gallery has-nested-images columns-default is-cropped wp-block-gallery-3 is-layout-flex wp-block-gallery-is-layout-flex\">\n<figure class=\"wp-block-image size-large is-style-default\"><a href=\"https:\/\/www.youtube.com\/watch?v=lM41j2XTOQs\"><img loading=\"lazy\" decoding=\"async\" width=\"1024\" height=\"1024\" data-id=\"318\" src=\"https:\/\/althea-music.com\/wp-content\/uploads\/2025\/11\/Althea-00278-bleu-v9-1024x1024.png\" alt=\"\" class=\"wp-image-318\" srcset=\"https:\/\/althea-music.com\/wp-content\/uploads\/2025\/11\/Althea-00278-bleu-v9-1024x1024.png 1024w, https:\/\/althea-music.com\/wp-content\/uploads\/2025\/11\/Althea-00278-bleu-v9-300x300.png 300w, https:\/\/althea-music.com\/wp-content\/uploads\/2025\/11\/Althea-00278-bleu-v9-150x150.png 150w, https:\/\/althea-music.com\/wp-content\/uploads\/2025\/11\/Althea-00278-bleu-v9-768x768.png 768w, https:\/\/althea-music.com\/wp-content\/uploads\/2025\/11\/Althea-00278-bleu-v9-1536x1536.png 1536w, https:\/\/althea-music.com\/wp-content\/uploads\/2025\/11\/Althea-00278-bleu-v9-2048x2048.png 2048w, https:\/\/althea-music.com\/wp-content\/uploads\/2025\/11\/Althea-00278-bleu-v9-2000x2000.png 2000w, https:\/\/althea-music.com\/wp-content\/uploads\/2025\/11\/Althea-00278-bleu-v9-600x600.png 600w, https:\/\/althea-music.com\/wp-content\/uploads\/2025\/11\/Althea-00278-bleu-v9-1200x1200.png 1200w, https:\/\/althea-music.com\/wp-content\/uploads\/2025\/11\/Althea-00278-bleu-v9-800x800.png 800w\" sizes=\"(max-width: 1024px) 100vw, 1024px\" \/><\/a><\/figure>\n\n\n\n<figure class=\"wp-block-image size-large\"><a href=\"https:\/\/www.youtube.com\/watch?v=rmXdLw6_-Cw\"><img loading=\"lazy\" decoding=\"async\" width=\"1024\" height=\"1024\" data-id=\"321\" src=\"https:\/\/althea-music.com\/wp-content\/uploads\/2025\/11\/Broken-inside-Pochette-2025-1024x1024.jpg\" alt=\"\" class=\"wp-image-321\" srcset=\"https:\/\/althea-music.com\/wp-content\/uploads\/2025\/11\/Broken-inside-Pochette-2025-1024x1024.jpg 1024w, https:\/\/althea-music.com\/wp-content\/uploads\/2025\/11\/Broken-inside-Pochette-2025-300x300.jpg 300w, https:\/\/althea-music.com\/wp-content\/uploads\/2025\/11\/Broken-inside-Pochette-2025-150x150.jpg 150w, https:\/\/althea-music.com\/wp-content\/uploads\/2025\/11\/Broken-inside-Pochette-2025-768x768.jpg 768w, https:\/\/althea-music.com\/wp-content\/uploads\/2025\/11\/Broken-inside-Pochette-2025-1536x1536.jpg 1536w, https:\/\/althea-music.com\/wp-content\/uploads\/2025\/11\/Broken-inside-Pochette-2025-2048x2048.jpg 2048w, https:\/\/althea-music.com\/wp-content\/uploads\/2025\/11\/Broken-inside-Pochette-2025-2000x2000.jpg 2000w\" sizes=\"(max-width: 1024px) 100vw, 1024px\" \/><\/a><\/figure>\n\n\n\n<figure class=\"wp-block-image size-large\"><a href=\"https:\/\/www.youtube.com\/watch?v=zq5I356canc\"><img loading=\"lazy\" decoding=\"async\" width=\"1024\" height=\"1024\" data-id=\"325\" src=\"https:\/\/althea-music.com\/wp-content\/uploads\/2025\/11\/image00013-1024x1024.png\" alt=\"\" class=\"wp-image-325\" srcset=\"https:\/\/althea-music.com\/wp-content\/uploads\/2025\/11\/image00013-1024x1024.png 1024w, https:\/\/althea-music.com\/wp-content\/uploads\/2025\/11\/image00013-300x300.png 300w, https:\/\/althea-music.com\/wp-content\/uploads\/2025\/11\/image00013-150x150.png 150w, https:\/\/althea-music.com\/wp-content\/uploads\/2025\/11\/image00013-768x768.png 768w, https:\/\/althea-music.com\/wp-content\/uploads\/2025\/11\/image00013-1536x1536.png 1536w, https:\/\/althea-music.com\/wp-content\/uploads\/2025\/11\/image00013.png 1600w\" sizes=\"(max-width: 1024px) 100vw, 1024px\" \/><\/a><\/figure>\n<\/figure>\n\n\n\n<div class=\"wp-block-buttons is-horizontal is-content-justification-center is-layout-flex wp-container-core-buttons-is-layout-499968f5 wp-block-buttons-is-layout-flex\">\n<div class=\"wp-block-button is-style-outline is-style-outline--4\"><a class=\"wp-block-button__link has-white-color has-text-color wp-element-button\" href=\"https:\/\/althea-music.com\/index.php\/contact\/\">ME CONTACTER<\/a><\/div>\n<\/div>\n<\/div><\/div>\n\n\n\n<p><\/p>\n","protected":false},"excerpt":{"rendered":"<p>Artiste Influenc\u00e9e par la K-Pop et les orchestrations sc\u00e9niques, Alth\u00e9a incarne la battante et la r\u00eaveuse. Une F-Pop libre, port\u00e9e par un flow rap sinc\u00e8re et la puissance d&rsquo;une renaissance. Une \u00e9nergie qui illumine autant qu&rsquo;elle d\u00e9stabilise. Une artiste qui ne suit aucune voie&#8230; Elle cr\u00e9e la sienne ! Influenced by K-Pop and theatrical orchestrations, &hellip; <\/p>\n<p class=\"link-more\"><a href=\"https:\/\/althea-music.com\/\" class=\"more-link\">Lire la suite de<span class=\"screen-reader-text\">\u00ab\u00a0\u00a0\u00bb<\/span><\/a><\/p>\n","protected":false},"author":1,"featured_media":7,"parent":0,"menu_order":0,"comment_status":"closed","ping_status":"closed","template":"","meta":{"_monsterinsights_skip_tracking":false,"_monsterinsights_sitenote_active":false,"_monsterinsights_sitenote_note":"","_monsterinsights_sitenote_category":0,"footnotes":""},"class_list":["post-8","page","type-page","status-publish","has-post-thumbnail","hentry"],"featured_media_urls":{"thumbnail":["https:\/\/althea-music.com\/wp-content\/uploads\/2023\/08\/StockSnap_M6D1GS9PSL-150x150.jpg",150,150,true],"medium":["https:\/\/althea-music.com\/wp-content\/uploads\/2023\/08\/StockSnap_M6D1GS9PSL-300x198.jpg",300,198,true],"medium_large":["https:\/\/althea-music.com\/wp-content\/uploads\/2023\/08\/StockSnap_M6D1GS9PSL-768x506.jpg",768,506,true],"large":["https:\/\/althea-music.com\/wp-content\/uploads\/2023\/08\/StockSnap_M6D1GS9PSL-1024x674.jpg",950,625,true],"1536x1536":["https:\/\/althea-music.com\/wp-content\/uploads\/2023\/08\/StockSnap_M6D1GS9PSL-1536x1011.jpg",1536,1011,true],"2048x2048":["https:\/\/althea-music.com\/wp-content\/uploads\/2023\/08\/StockSnap_M6D1GS9PSL.jpg",2000,1317,false],"inspiro-featured-image":["https:\/\/althea-music.com\/wp-content\/uploads\/2023\/08\/StockSnap_M6D1GS9PSL.jpg",2000,1317,false],"inspiro-loop":["https:\/\/althea-music.com\/wp-content\/uploads\/2023\/08\/StockSnap_M6D1GS9PSL-950x320.jpg",950,320,true],"inspiro-loop@2x":["https:\/\/althea-music.com\/wp-content\/uploads\/2023\/08\/StockSnap_M6D1GS9PSL-1900x640.jpg",1900,640,true],"portfolio_item-thumbnail":["https:\/\/althea-music.com\/wp-content\/uploads\/2023\/08\/StockSnap_M6D1GS9PSL.jpg",600,395,false],"portfolio_item-thumbnail@2x":["https:\/\/althea-music.com\/wp-content\/uploads\/2023\/08\/StockSnap_M6D1GS9PSL.jpg",1200,790,false],"portfolio_item-masonry":["https:\/\/althea-music.com\/wp-content\/uploads\/2023\/08\/StockSnap_M6D1GS9PSL.jpg",600,395,false],"portfolio_item-masonry@2x":["https:\/\/althea-music.com\/wp-content\/uploads\/2023\/08\/StockSnap_M6D1GS9PSL.jpg",1200,790,false],"portfolio_item-thumbnail_cinema":["https:\/\/althea-music.com\/wp-content\/uploads\/2023\/08\/StockSnap_M6D1GS9PSL.jpg",509,335,false],"portfolio_item-thumbnail_portrait":["https:\/\/althea-music.com\/wp-content\/uploads\/2023\/08\/StockSnap_M6D1GS9PSL.jpg",600,395,false],"portfolio_item-thumbnail_portrait@2x":["https:\/\/althea-music.com\/wp-content\/uploads\/2023\/08\/StockSnap_M6D1GS9PSL.jpg",1200,790,false],"portfolio_item-thumbnail_square":["https:\/\/althea-music.com\/wp-content\/uploads\/2023\/08\/StockSnap_M6D1GS9PSL.jpg",800,527,false]},"_links":{"self":[{"href":"https:\/\/althea-music.com\/index.php\/wp-json\/wp\/v2\/pages\/8","targetHints":{"allow":["GET"]}}],"collection":[{"href":"https:\/\/althea-music.com\/index.php\/wp-json\/wp\/v2\/pages"}],"about":[{"href":"https:\/\/althea-music.com\/index.php\/wp-json\/wp\/v2\/types\/page"}],"author":[{"embeddable":true,"href":"https:\/\/althea-music.com\/index.php\/wp-json\/wp\/v2\/users\/1"}],"replies":[{"embeddable":true,"href":"https:\/\/althea-music.com\/index.php\/wp-json\/wp\/v2\/comments?post=8"}],"version-history":[{"count":98,"href":"https:\/\/althea-music.com\/index.php\/wp-json\/wp\/v2\/pages\/8\/revisions"}],"predecessor-version":[{"id":348,"href":"https:\/\/althea-music.com\/index.php\/wp-json\/wp\/v2\/pages\/8\/revisions\/348"}],"wp:featuredmedia":[{"embeddable":true,"href":"https:\/\/althea-music.com\/index.php\/wp-json\/wp\/v2\/media\/7"}],"wp:attachment":[{"href":"https:\/\/althea-music.com\/index.php\/wp-json\/wp\/v2\/media?parent=8"}],"curies":[{"name":"wp","href":"https:\/\/api.w.org\/{rel}","templated":true}]}}